.
1
Suppose 3 = -3*v + 4*g, 0 = -v - 2*v + g + 6. Let n(o) = 4 - 5 + 0 + 6*o - v*o + o**2. Let x be (1 + 2)*(0 - 1). Give n(x).
-1
Let h = 0 - -4. Let u be 1/(-2) - 2/h. Let y be 2/(5 - u)*3. Let w(l) = 2*l - 1. Calculate w(y).
1
Let o be (-1)/3 + 6/(-9). Suppose 5*b - 6 - 4 = 0. Let i(u) = 0*u + 6*u + b*u. What is i(o)?
-8
Suppose 0 = 2*n - 7 - 1. Let d be (2/6)/(n/24). Let h(g) = 2 + 2*g**3 - 1 + g**2 + g**3 - d. Give h(-1).
-3
Let y(c) = 2. Let d(z) = z - 11. Let v(j) = 4*d(j) + 22*y(j). Give v(-2).
-8
Let c(a) = 4*a**3 + a**2. Let b be ((-16)/(-4) - 8) + 3. Calculate c(b).
-3
Let c(v) be the second derivative of -v**6/72 - v**5/60 - v**4/24 + v**3/6 + v. Let o(p) be the second derivative of c(p). Let t be (12/(-18))/(4/6). Give o(t).
-4
Let o(f) = 4*f - 5. Let s(h) = 3*h - 4. Let t(n) = -2*o(n) + 3*s(n). Give t(-5).
-7
Let v = -53 - -83. Let q be (-4)/5*v/(-12). Let u(g) = 5*g**3 - 4*g**2 - g**q + 5*g**2. Give u(-1).
-5
Let o(x) = x**2 + 5*x - 6. Let d(h) = -3*h - 1. Let k be d(1). Let y be (15/6)/(2/k). Give o(y).
-6
Suppose -5*w + 10 = 5*l, -5*w - 2 = 3. Let m(z) = 14 - 2*z - 2*z + l*z + 0*z. Calculate m(6).
8
Let z(c) = c**2 - 7*c + 7. Suppose -6*f + 5 = -31. Calculate z(f).
1
Let d(m) = 7*m**2 - 21*m + 12. Let r(g) = 4*g**2 - 11*g + 6. Let l(y) = 3*d(y) - 5*r(y). Suppose -a + 4*a = 63. Let w = 27 - a. Determine l(w).
-6
Let s(f) = f - f - 2*f**2 - 1 - 2*f**3. Let m = 2 + 0. Let x be 15/(-10) + (-1)/m. Give s(x).
7
Suppose 0 = o - 3*o + 6. Let h(d) be the second derivative of -d**3/6 + d**2/2 + 7*d + 1. Calculate h(o).
-2
Let g(k) be the third derivative of -3/2*k**3 - 1/4*k**4 + 0 + 3*k**2 + 0*k - 1/60*k**5. What is g(-6)?
-9
Let d(l) = -2*l**2 - 11*l - 10. Let a be d(-4). Let q(w) be the first derivative of -w**3 + 3*w**a + w - 1/4*w**4 + 2. Determine q(-4).
-7
Let c(w) = w**2 - 5*w + 2. Suppose -5*l - 16 = -2*d + 14, l = 3*d - 19. Let o be c(d). Let y(q) = 0 + 2*q**o - 3 + 0*q - 3*q. Determine y(3).
6
Suppose -5*f + 5*j + 10 = -5, -5*j = 5*f + 25. Let r(k) = 4*k**2. Give r(f).
4
Let c(i) be the third derivative of -i**5/30 + i**4/12 + i**3/3 + 2*i**2 + 24. Determine c(3).
-10
Let h = 4 + -6. Let q(d) be the second derivative of d**6/120 + d**5/40 + d**3/6 + d. Let y(b) be the second derivative of q(b). Determine y(h).
6
Let a(k) = -k**3 - 5*k**2 - 2*k - 7. Let l be a(-5). Suppose 0 = -l*p + 2 + 4. Let y(t) = 6 + t**2 + 0*t**p - 3*t - 2*t**2. Give y(-5).
-4
Let t(i) = 16*i + 12. Let q(f) = 4*f + 3. Let o(u) = -9*q(u) + 2*t(u). What is o(-2)?
5
Let t = -1 - -4. Let b(r) = -7 - r - r + t*r. What is b(5)?
-2
Let p(b) be the second derivative of -7*b**3/6 - 3*b**2/2 - b. Let h = -31 + 29. Give p(h).
11
Let g = -19 + 21. Let l(u) = 0*u**g + 16*u + 3 - 2 - u**2 - 9*u. Determine l(4).
13
Suppose 4*o + 0 = 12. Suppose 0 = 2*x + 2*x - o*d + 2, 5*x + 5*d - 15 = 0. Let g(h) = -3*h**2 - h + 1. Determine g(x).
-3
Let r(d) be the second derivative of d**4/12 + d**3 - 3*d**2/2 - 10*d. What is r(-6)?
-3
Let p(z) = 2*z**2 - z**2 - 1 + 24*z**3 - 23*z**3 - 2*z. Suppose 4*j + 5 = -27. Let k be (-7)/4 + 2/j. What is p(k)?
-1
Let p(l) be the second derivative of -l**7/2520 - l**5/24 + l**4/12 + l. Let c(w) be the third derivative of p(w). Suppose 5*t + 0*t = 0. Calculate c(t).
-5
Suppose 0 = -2*b + 5*h + 4, -6*h + 4*h - 4 = -2*b. Let k(v) = -b*v - 5 + 5. Let f be (-4)/3 - (-4)/(-6). Calculate k(f).
4
Let f(o) = 13*o**3 - 27*o**2 + 3*o + 13. Let z(d) = 7*d**3 - 14*d**2 + d + 7. Let n(m) = -6*f(m) + 11*z(m). Give n(7).
-1
Let h(v) = -2*v - 6. Let x(r) = r**2 - 10*r - 7. Let y be x(10). Let i = y + 19. Let f = 8 - i. Determine h(f).
2
Let z(b) = -5*b**3 + 7*b + 5*b**3 + 1 - 5*b**2 + 10*b**2 - b**3. What is z(6)?
7
Let p(a) be the third derivative of 0*a + 0 - 1/120*a**6 + 2/3*a**3 - 1/60*a**5 - a**2 + 1/6*a**4. Give p(-3).
10
Let a = 4 + -13. Let o = 13 + a. Let u(j) = j**2 - 4*j. Calculate u(o).
0
Let s(o) = o**3 + o**2 - 1. Let u be -3*5/(15/2). Give s(u).
-5
Let d(r) = 7*r**2 + 0*r**3 - 25*r - 21*r + 54*r + r**3 + 5. Give d(-6).
-7
Let i be 10/12*(18 + -17). Let g(q) be the second derivative of i*q**3 + q + 0 + 0*q**2. What is g(1)?
5
Let p(k) = -k**3 + 2*k**2 + 2. Suppose -7*b - 4 = -3*b. Let q = b + 4. What is p(q)?
-7
Let q(z) be the third derivative of -z**5/60 + z**4/3 - 3*z**3/2 + 16*z**2. Calculate q(7).
-2
Let j(l) = -l + 5. Let t = -84 - -74. What is j(t)?
15
Let g(x) = x + 2. Suppose 9 = 3*s - 6. Let a = 9 - s. Suppose -3*q = n + 17, -3*q = -0*n - a*n + 7. Determine g(q).
-3
Let c be 2*(2 + 2 + -2). Let d(f) = 4*f**3 - 8*f**2 + 3*f. Let s(l) = 5*l**3 - 9*l**2 + 4*l + 1. Let j(q) = c*d(q) - 3*s(q). Calculate j(5).
-3
Suppose 4*q + 15 = -13. Let z(d) = d - 5. Determine z(q).
-12
Let d(u) = -u**2 - 3*u - 9. Let g(y) = -y**2 - 4*y - 8. Let p be (-2)/6 - 16/6. Let m(s) = p*d(s) + 4*g(s). What is m(-6)?
1
Let q(a) be the first derivative of a**5/60 + a**4/4 + a**3 - a**2/2 - 4. Let i(d) be the second derivative of q(d). Give i(-6).
6
Suppose 0 = -4*v + 6*v - 4. Suppose 7 = 2*x + 5*o - 8, -5*x - 3*o + 66 = 0. Suppose -v*a - x = -5*a. Let s(m) = m - 7. What is s(a)?
-2
Let x be ((-3 + -3)/(-3) - 4)/(-1). Let g(u) be the second derivative of 0 - 1/6*u**3 + 1/6*u**4 - u + 2*u**x - 1/20*u**5. Determine g(3).
-8
Let w(o) = 2*o - 4. Let p be w(3). Let a(u) = -3*u + u**2 - u**3 + 8 + 0*u - 7. Determine a(p).
-9
Let v(f) = -f**2 - 3*f + 5. Let z be v(-4). Let k(x) = 1. Let q(l) = 7*l**2 + l + 3. Let d(c) = -4*k(c) + q(c). What is d(z)?
7
Let t be 1/(10/8 + -1). Let l(u) = -t + 4 + u. Give l(3).
3
Suppose 7*v - 3*v = 8. Let p(j) = 4*j**3 + 1 + 3*j - 5*j**3 - 3. Calculate p(v).
-4
Let z(o) = 3*o - 37. Let n be z(16). Let k be (0 - 1)/((-1)/2). Let q(b) = -6*b - b + n*b + k*b**2 - b**3. Determine q(3).
3
Let l(s) be the third derivative of s**4/12 - s**3/6 + 17*s**2. What is l(5)?
9
Let h(c) = 0*c**3 + 2 + 13*c**2 - 14*c**2 + c**3 + 6. Let s = -7 + 7. What is h(s)?
8
Suppose 5*j + 5*d - 10 = 0, 2*j - 5*d + 10*d + 2 = 0. Let v(b) = -b**3 + 4*b**2 - 3. Calculate v(j).
-3
Let d(h) = -h**2 + h + 1. Suppose -s + 5*s = 3*j - 31, -2*j + 4*s = -26. Let t(f) = -4*f**2 - 7 + 8 + j + 4 + 6*f. Let v(u) = 3*d(u) - t(u). What is v(5)?
3
Let b(y) = -2*y - 3. Let h(a) = a**2 - 2*a - 4. Let s be h(3). Let c be (0 - s)/((-2)/6). Let u(v) = v**2 + 4*v + 1. Let p be u(c). Calculate b(p).
1
Let o(a) = 3*a + 1. Let i = -3 - -6. Suppose -4*c + i*c = 5*d - 3, -2*d = -3*c - 8. Suppose r = -0 - d. Give o(r).
-2
Let z = 0 - -2. Let u(k) = 2*k**2 + k**2 + 4 - k**3 - k**2 - 2 - z*k. Determine u(3).
-13
Let w(p) = -7*p**2 - p + 1. Let x be ((-35 + 3)/(-4))/1. Let z = 7 - 2. Suppose 2*b = a + 1 - x, 0 = -z*a - b + 2. Calculate w(a).
-7
Let i(g) = -g**3 - 6*g**2 - 6*g - 7. Let y be (4/6)/((-4)/30). What is i(y)?
-2
Suppose -3*n - 2*n + w = 0, 4*w - 19 = n. Let g = n - 3. Let s(m) = -m**3 - 3*m**2 - 2*m. Determine s(g).
0
Suppose 4*n - 29 = -c, -6*c + c + 37 = 2*n. Let m(i) = 0 + 0 + 0*i - 8 + i**2 - 5*i. What is m(n)?
-2
Let j(w) = 25*w - 48*w + 0*w**2 - 9 - 6*w**2 + w**3 + 25*w. Give j(6).
3
Let z(b) be the first derivative of b**4/4 - 2*b**3 + 3*b**2 + 8. Give z(4).
-8
Suppose 3*y - 2*y = 1. Let t(h) = -4*h + 2*h**2 - 2 + 1 + y + 2. Calculate t(2).
2
Let g = 1 - 2. Let j = 2 - -1. Let w(y) = -2*y + 7*y**j + y - 3*y**3 - 2*y**2 + 0*y**3. Calculate w(g).
-5
Let w(l) = -l**3 - l**2 + 1. Let v(k) = -k**3 - 6*k**2 - k + 4. Let p(b) = v(b) - 4*w(b). Suppose 3*o = j - 2, j + 2*o - 3*o = 0. Calculate p(j).
-4
Let u(t) = 4 - 7 - 1 + 2*t - 1. Let p be (-16)/(-6)*36/16. Calculate u(p).
7
Let s = -9 + 9. Let r be 0 - 2*(-1 - -2). Let t be (s/r)/(0 - -1). Let u(l) = l**2 + 5. What is u(t)?
5
Let v(r) be the third derivative of 3/2*r**3 + 4*r**2 - 7/24*r**4 + 0*r + 0 + 1/60*r**5. Determine v(7).
9
Let z(b) be the second derivative of b**6/120 + b**5/60 + b**4/24 + 7*b**3/6 + 3*b**2/2 + b. Let m(k) be the first derivative of z(k). Give m(0).
7
Let l = -12 + 9. Let d = -4 - -7. Let h(y) = -d*y**2 - 3*y + 4*y**2 - 2*y**2 - 2. Determine h(l).
-2
Let b(m) be the third derivative of m**6/120 + m**5/60 - m**4/12 - m**3/2 - 17*m**2. Give b(-3).
-15
Suppose 2*i + 3*p + 8 = 0, -8 = 7*p - 3*p. Let r(b) = -1. Let g(l) = -l - 2. Let k(n) = -4*g(n) + 7*r(n). Calculate k(i).
-3
Let s(o) = -o**2 + 6*o**2 - 2 - 3*o**2.